{"id":27,"date":"2022-04-28T14:02:41","date_gmt":"2022-04-28T17:02:41","guid":{"rendered":"https:\/\/www.disk-art.com.br\/site\/?page_id=27"},"modified":"2023-02-05T09:44:31","modified_gmt":"2023-02-05T12:44:31","slug":"protetor-descartavel-assento-sanitario","status":"publish","type":"page","link":"https:\/\/www.disk-art.com.br\/site\/protetor-descartavel-assento-sanitario\/","title":{"rendered":"Protetor Descart\u00e1vel para Assento Sanit\u00e1rio"},"content":{"rendered":"\n<p>O que \u00e9 e para que serve o Protetor Sanit\u00e1rio Descart\u00e1vel?<br>O Protetor Sanit\u00e1rio foi desenvolvido para prevenir riscos de poss\u00edveis contamina\u00e7\u00f5es de bact\u00e9rias presentes em vasos sanit\u00e1rios. \u00c9 descart\u00e1vel, higi\u00eanico e muito f\u00e1cil de usar.<\/p>\n\n\n<div class=\"wp-block-image\">\n<figure class=\"aligncenter size-full\"><img loading=\"lazy\" decoding=\"async\" width=\"730\" height=\"548\" src=\"https:\/\/www.disk-art.com.br\/site\/wp-content\/uploads\/2022\/04\/30-x-40-com-caixa.png\" alt=\"\" class=\"wp-image-39\" srcset=\"https:\/\/www.disk-art.com.br\/site\/wp-content\/uploads\/2022\/04\/30-x-40-com-caixa.png 730w, https:\/\/www.disk-art.com.br\/site\/wp-content\/uploads\/2022\/04\/30-x-40-com-caixa-300x225.png 300w\" sizes=\"auto, (max-width: 730px) 100vw, 730px\" \/><figcaption>Protetor descart\u00e1vel para assento sanit\u00e1rio<\/figcaption><\/figure>\n<\/div>","protected":false},"excerpt":{"rendered":"<p>O que \u00e9 e para que serve o Protetor Sanit\u00e1rio Descart\u00e1vel?O Protetor Sanit\u00e1rio foi desenvolvido para prevenir riscos de poss\u00edveis contamina\u00e7\u00f5es de bact\u00e9rias presentes em vasos sanit\u00e1rios. \u00c9 descart\u00e1vel, higi\u00eanico e muito f\u00e1cil de usar.<\/p>\n","protected":false},"author":1,"featured_media":0,"parent":0,"menu_order":0,"comment_status":"closed","ping_status":"closed","template":"","meta":{"footnotes":""},"class_list":["post-27","page","type-page","status-publish"],"_links":{"self":[{"href":"https:\/\/www.disk-art.com.br\/site\/wp-json\/wp\/v2\/pages\/27","targetHints":{"allow":["GET"]}}],"collection":[{"href":"https:\/\/www.disk-art.com.br\/site\/wp-json\/wp\/v2\/pages"}],"about":[{"href":"https:\/\/www.disk-art.com.br\/site\/wp-json\/wp\/v2\/types\/page"}],"author":[{"embeddable":true,"href":"https:\/\/www.disk-art.com.br\/site\/wp-json\/wp\/v2\/users\/1"}],"replies":[{"embeddable":true,"href":"https:\/\/www.disk-art.com.br\/site\/wp-json\/wp\/v2\/comments?post=27"}],"version-history":[{"count":5,"href":"https:\/\/www.disk-art.com.br\/site\/wp-json\/wp\/v2\/pages\/27\/revisions"}],"predecessor-version":[{"id":143,"href":"https:\/\/www.disk-art.com.br\/site\/wp-json\/wp\/v2\/pages\/27\/revisions\/143"}],"wp:attachment":[{"href":"https:\/\/www.disk-art.com.br\/site\/wp-json\/wp\/v2\/media?parent=27"}],"curies":[{"name":"wp","href":"https:\/\/api.w.org\/{rel}","templated":true}]}}